{"id":14,"date":"2025-11-22T12:29:15","date_gmt":"2025-11-22T12:29:15","guid":{"rendered":"http:\/\/pbconsg.cluster100.hosting.ovh.net\/?page_id=14"},"modified":"2025-12-19T22:00:26","modified_gmt":"2025-12-19T22:00:26","slug":"a-propos","status":"publish","type":"page","link":"https:\/\/pbconseil-bilan.com\/index.php\/a-propos\/","title":{"rendered":"A propos"},"content":{"rendered":"\n<div class=\"wp-block-cover alignfull\" style=\"min-height:350px;aspect-ratio:unset;\"><img loading=\"lazy\" decoding=\"async\" width=\"1024\" height=\"682\" class=\"wp-block-cover__image-background wp-image-60 size-large\" alt=\"\" src=\"http:\/\/pbconsg.cluster100.hosting.ovh.net\/wp-content\/uploads\/2025\/11\/psy-1024x682.jpg\" data-object-fit=\"cover\" srcset=\"https:\/\/pbconseil-bilan.com\/wp-content\/uploads\/2025\/11\/psy-1024x682.jpg 1024w, https:\/\/pbconseil-bilan.com\/wp-content\/uploads\/2025\/11\/psy-300x200.jpg 300w, https:\/\/pbconseil-bilan.com\/wp-content\/uploads\/2025\/11\/psy-768x512.jpg 768w, https:\/\/pbconseil-bilan.com\/wp-content\/uploads\/2025\/11\/psy.jpg 1280w\" sizes=\"auto, (max-width: 1024px) 100vw, 1024px\" \/><span aria-hidden=\"true\" class=\"wp-block-cover__background has-background-dim-40 has-background-dim\" style=\"background-color:#131212\"><\/span><div class=\"wp-block-cover__inner-container has-global-padding is-layout-constrained wp-container-core-cover-is-layout-4383d167 wp-block-cover-is-layout-constrained\">\n<div style=\"height:100px\" aria-hidden=\"true\" class=\"wp-block-spacer\"><\/div>\n\n\n\n<p class=\"has-text-align-center has-text-color has-link-color has-inter-font-family wp-elements-17103b04edf81cbdef9843602b9d46ae\" style=\"color:#ffffff;font-size:clamp(30.693px, 1.918rem + ((1vw - 3.2px) * 2.649), 54px);font-style:normal;font-weight:400\">Accompagnement \u00e0 la mobilit\u00e9 de carri\u00e8re par le bilan professionnel, bilan de comp\u00e9tences, l\u2019orientation scolaire et la fin de carri\u00e8re (retraites)<\/p>\n<\/div><\/div>\n\n\n\n<div class=\"wp-block-group alignwide has-global-padding is-layout-constrained wp-container-core-group-is-layout-5ff8a92b wp-block-group-is-layout-constrained\" style=\"margin-top:0;margin-bottom:0;padding-top:100px;padding-bottom:100px\">\n<div class=\"wp-block-columns alignwide is-layout-flex wp-container-core-columns-is-layout-9cf8123d wp-block-columns-is-layout-flex\">\n<div class=\"wp-block-column is-vertically-aligned-center is-layout-flow wp-block-column-is-layout-flow\">\n<figure class=\"wp-block-image size-full\"><img loading=\"lazy\" decoding=\"async\" width=\"1280\" height=\"853\" src=\"http:\/\/pbconsg.cluster100.hosting.ovh.net\/wp-content\/uploads\/2025\/11\/Entretien.jpg\" alt=\"\" class=\"wp-image-57\" style=\"aspect-ratio:4\/3;object-fit:cover\" srcset=\"https:\/\/pbconseil-bilan.com\/wp-content\/uploads\/2025\/11\/Entretien.jpg 1280w, https:\/\/pbconseil-bilan.com\/wp-content\/uploads\/2025\/11\/Entretien-300x200.jpg 300w, https:\/\/pbconseil-bilan.com\/wp-content\/uploads\/2025\/11\/Entretien-1024x682.jpg 1024w, https:\/\/pbconseil-bilan.com\/wp-content\/uploads\/2025\/11\/Entretien-768x512.jpg 768w\" sizes=\"auto, (max-width: 1280px) 100vw, 1280px\" \/><\/figure>\n<\/div>\n\n\n\n<div class=\"wp-block-column is-vertically-aligned-center is-layout-flow wp-container-core-column-is-layout-c50a13ef wp-block-column-is-layout-flow\" style=\"padding-left:15px\">\n<h2 class=\"wp-block-heading has-text-color has-link-color has-inter-font-family wp-elements-1fcbfc57aed849d095433de02b7b236a\" style=\"color:#3a3a3a;font-size:clamp(14px, 0.875rem + ((1vw - 3.2px) * 0.227), 16px);font-style:normal;font-weight:500;line-height:0.7;text-transform:uppercase\"><\/h2>\n\n\n\n<h2 class=\"wp-block-heading has-text-color has-link-color has-inter-font-family wp-elements-9722d0e1b94e677b3ac68766dc2fdabd\" style=\"color:#3a3a3a;font-size:clamp(18.959px, 1.185rem + ((1vw - 3.2px) * 1.255), 30px);font-style:normal;font-weight:500;line-height:1.2\">Un engagement pour Votre \u00c9panouissement Professionnel Durable<\/h2>\n\n\n\n<p class=\"has-text-color has-link-color has-lexend-font-family wp-elements-15646c8bb786c7f771d02d8f3cd91649\" style=\"color:#3a3a3a;font-size:clamp(14px, 0.875rem + ((1vw - 3.2px) * 0.455), 18px);font-style:normal;font-weight:400\"><em>Dans le tissu complexe des parcours professionnels se dessinent parfois des trajectoires singuli\u00e8res o\u00f9 se conjuguent les d\u00e9fis de la sant\u00e9, les aspirations individuelles et les imp\u00e9ratifs socio-\u00e9conomiques. \u00c0 une \u00e9poque o\u00f9 l\u2019\u00e2ge de la retraite recule et o\u00f9 les travailleurs doivent prolonger leur activit\u00e9 professionnelle, de nombreux salari\u00e9s font face \u00e0 l\u2019usure professionnelle et se trouvent contraints de r\u00e9\u00e9valuer leurs perspectives, que ce soit en milieu de carri\u00e8re ou \u00e0 l&rsquo;approche de la fin de leur parcours professionnel. <\/em><\/p>\n\n\n\n<p class=\"has-text-color has-link-color has-lexend-font-family wp-elements-52c3fb25ab122c7db8a60582699f0360\" style=\"color:#3a3a3a;font-size:clamp(14px, 0.875rem + ((1vw - 3.2px) * 0.455), 18px);font-style:normal;font-weight:400\"><em>Vous accompagner dans la r\u00e9flexion pour construire votre projet d&rsquo;orientation scolaire, votre projet professionnel, interroger le sens de votre carri\u00e8re en tant qu&rsquo;actif, envisager une transition professionnelle ou pr\u00e9parer sereinement la fin de carri\u00e8re et la retraite &#8211; tant sur la plan des droits que du projet de vie &#8211; telle est ma mission.<\/em><\/p>\n\n\n\n<div class=\"wp-block-buttons is-layout-flex wp-block-buttons-is-layout-flex\">\n<div class=\"wp-block-button\"><a class=\"wp-block-button__link has-text-color has-background has-link-color has-inter-font-family has-custom-font-size wp-element-button\" href=\"#\" style=\"border-radius:0px;color:#ffffff;background-color:#000001;padding-top:10px;padding-right:30px;padding-bottom:10px;padding-left:30px;font-size:clamp(14px, 0.875rem + ((1vw - 3.2px) * 0.227), 16px);text-transform:uppercase\">EXPLOREZ VOTRE POTENTIEL<\/a><\/div>\n<\/div>\n<\/div>\n<\/div>\n<\/div>\n\n\n\n<div class=\"wp-block-group alignfull has-background has-global-padding is-layout-constrained wp-container-core-group-is-layout-0117c4cf wp-block-group-is-layout-constrained\" style=\"background-color:#e9e4dc;padding-top:80px;padding-bottom:80px\">\n<h2 class=\"wp-block-heading has-text-align-center has-text-color has-link-color has-inter-font-family wp-elements-4ea9877d64659771ecc268368913ef10\" style=\"color:#3a3a3a;font-size:clamp(18.959px, 1.185rem + ((1vw - 3.2px) * 1.255), 30px);font-style:normal;font-weight:500;line-height:1.2\">Mon Histoire<\/h2>\n\n\n\n<hr class=\"wp-block-separator has-text-color has-alpha-channel-opacity has-background\" style=\"background-color:#3a3a3a;color:#3a3a3a\"\/>\n\n\n\n<p class=\"has-text-align-center has-text-color has-link-color has-lexend-font-family wp-elements-e4f078469be3b14bd1f332f924d23ede\" style=\"color:#3a3a3a;font-size:clamp(14px, 0.875rem + ((1vw - 3.2px) * 0.455), 18px);\">Guid\u00e9e depuis l\u2019enfance par des valeurs profond\u00e9ment humanistes, h\u00e9rit\u00e9es d\u2019un p\u00e8re philanthrope et d\u2019une m\u00e8re infirmi\u00e8re, j\u2019ai naturellement orient\u00e9 ma carri\u00e8re vers l\u2019accompagnement des personnes. Assistante sociale depuis plus de dix ans, au sein d\u2019un service de pr\u00e9vention et de sant\u00e9 au travail, j\u2019ai d\u00e9velopp\u00e9 une expertise solide autour du maintien en l\u2019emploi, de la pr\u00e9vention de la d\u00e9sinsertion professionnelle et de l\u2019accompagnement aux transitions professionnelles, souvent dans des contextes de sant\u00e9 fragilis\u00e9e.<\/p>\n\n\n\n<p>La diversit\u00e9 des situations rencontr\u00e9es, conjugu\u00e9e aux \u00e9volutions du monde du travail, m\u2019a amen\u00e9e \u00e0 renforcer mes comp\u00e9tences gr\u00e2ce \u00e0 un Master en psychologie de l&rsquo;orientation, mention Conseil, Orientation, Bilan, Insertion (COBI). Cette formation m\u2019a permis d\u2019int\u00e9grer \u00e0 ma pratique des outils m\u00e9thodologiques et une approche humaniste du conseil, afin de proposer des accompagnements plus justes, plus personnalis\u00e9s et plus structurants.<\/p>\n\n\n\n<p>Aujourd\u2019hui, en cr\u00e9ant ma structure, je mets cette double expertise de conseil \u2014 travail social et ing\u00e9nierie de l\u2019orientation  \u2014 au service des personnes qui souhaitent (ou doivent) repenser leur trajectoire professionnelle. Mon approche est fond\u00e9e sur l\u2019\u00e9coute, l\u2019\u00e9thique, la p\u00e9dagogie et la conviction que chacun peut transformer son exp\u00e9rience en ressources pour l\u2019avenir.<\/p>\n\n\n\n<p class=\"has-text-align-center has-text-color has-link-color has-lexend-font-family wp-elements-636205f9fd523b4d5e01c9468ce1954c\" style=\"color:#3a3a3a;font-size:clamp(14px, 0.875rem + ((1vw - 3.2px) * 0.455), 18px);\">Je vous accompagne ainsi avec des outils valid\u00e9s dans vos bilans professionnels, bilans de comp\u00e9tences, r\u00e9flexions sur votre carri\u00e8re, projets de reconversion ou orientation scolaire, avec un objectif : vous aider \u00e0 retrouver du sens, \u00e0 faire des choix \u00e9clair\u00e9s et \u00e0 construire un projet qui vous ressemble.<\/p>\n\n\n\n<div class=\"wp-block-buttons is-content-justification-center is-layout-flex wp-container-core-buttons-is-layout-a89b3969 wp-block-buttons-is-layout-flex\">\n<div class=\"wp-block-button\"><a class=\"wp-block-button__link has-text-color has-background has-link-color has-inter-font-family has-custom-font-size wp-element-button\" href=\"#\" style=\"border-radius:0px;color:#ffffff;background-color:#000001;padding-top:10px;padding-right:30px;padding-bottom:10px;padding-left:30px;font-size:clamp(14px, 0.875rem + ((1vw - 3.2px) * 0.227), 16px);text-transform:uppercase\">COMMENCEZ MAINTENANT<\/a><\/div>\n<\/div>\n<\/div>\n\n\n\n<div class=\"wp-block-group alignwide has-global-padding is-layout-constrained wp-container-core-group-is-layout-9eae1539 wp-block-group-is-layout-constrained\" style=\"margin-top:0;margin-bottom:0;padding-top:7.01rem;padding-bottom:7.01rem\">\n<div class=\"wp-block-group has-global-padding is-layout-constrained wp-block-group-is-layout-constrained\">\n<h3 class=\"wp-block-heading has-text-align-center has-text-color has-link-color wp-elements-a33d321d5b578c798ad60aa42cddb59e\" style=\"color:#3a3a3a;font-size:clamp(1.383rem, 1.383rem + ((1vw - 0.2rem) * 1.595), 2.26rem);font-style:normal;font-weight:400\">Mes comp\u00e9tences<\/h3>\n<\/div>\n\n\n\n<div class=\"wp-block-columns alignwide is-layout-flex wp-container-core-columns-is-layout-e121da15 wp-block-columns-is-layout-flex\" style=\"padding-right:2.01rem;padding-left:2.01rem\">\n<div class=\"wp-block-column is-vertically-aligned-stretch is-layout-flow wp-block-column-is-layout-flow\" style=\"padding-right:1.01rem;padding-left:1.01rem\">\n<div class=\"wp-block-group is-horizontal is-content-justification-left is-layout-flex wp-container-core-group-is-layout-47c25c4b wp-block-group-is-layout-flex\" style=\"min-height:0px\">\n<div class=\"wp-block-columns is-layout-flex wp-container-core-columns-is-layout-28f84493 wp-block-columns-is-layout-flex\">\n<div class=\"wp-block-column is-layout-flow wp-block-column-is-layout-flow\"><\/div>\n\n\n\n<div class=\"wp-block-column is-layout-flow wp-block-column-is-layout-flow\"><\/div>\n<\/div>\n<\/div>\n\n\n\n<div class=\"wp-block-columns is-layout-flex wp-container-core-columns-is-layout-28f84493 wp-block-columns-is-layout-flex\">\n<div class=\"wp-block-column is-layout-flow wp-block-column-is-layout-flow\" style=\"flex-basis:100%\">\n<ul class=\"wp-block-list\">\n<li>Dipl\u00f4me d&rsquo;Etat d&rsquo;Assistante de Service Social (DEASS)<\/li>\n\n\n\n<li>Master 1 &amp; 2 Sciences humaines et sociales &#8211; Mention Sciences de l&rsquo;\u00e9ducation, Master \u00e0 90% orient\u00e9 psychologie de l&rsquo;orientation.<br>Parcours : Conseil en orientation, bilan et insertion (COBI)<br>CNAM Paris.<\/li>\n<\/ul>\n\n\n\n<p><\/p>\n\n\n\n<p><\/p>\n\n\n\n<p>Intervenir de mani\u00e8re appropri\u00e9e dans les institutions, en<br>fonction des r\u00e8glements et dispositifs qui participent \u00e0<br>l\u2019organisation de la relation formation\/emploi\/certification, en<br>tenant ses connaissances \u00e0 jour ;<\/p>\n\n\n\n<p>Concevoir, utiliser et am\u00e9liorer des m\u00e9thodes sp\u00e9cifiques aux<br>fonctions d\u2019orientation, d\u2019\u00e9valuation et d\u2019information, en<br>mettant en oeuvre des m\u00e9thodologies pertinentes tout en en<br>veillant \u00e0 la dimension \u00e9thique de son action ;<\/p>\n\n\n\n<p>Coordonner des r\u00e9seaux et des \u00e9quipes institutionnels ou<br>interinstitutionnels et conseiller des institutions dans leur<br>conception et leur organisation.<\/p>\n<\/div>\n<\/div>\n\n\n\n<p>R\u00e9aliser des bilans de comp\u00e9tences, accompagnements en<br>cours de carri\u00e8re, en validation des acquis, et diff\u00e9rentes<br>fonctions li\u00e9es \u00e0 l\u2019insertion, l\u2019orientation vers la formation, la<br>reconversion, l\u2019acc\u00e8s aux certifications ;<\/p>\n<\/div>\n\n\n\n<div class=\"wp-block-column is-layout-flow wp-block-column-is-layout-flow\" style=\"padding-right:1.01rem;padding-left:1.01rem\">\n<div class=\"wp-block-group is-horizontal is-layout-flex wp-container-core-group-is-layout-a7a8ffff wp-block-group-is-layout-flex\" style=\"border-style:none;border-width:0px;border-radius:0px;min-height:0px\">\n<figure class=\"wp-block-image size-full is-resized\"><img loading=\"lazy\" decoding=\"async\" width=\"720\" height=\"1280\" src=\"http:\/\/pbconsg.cluster100.hosting.ovh.net\/wp-content\/uploads\/2025\/12\/Photo-Peg-site.jpg\" alt=\"\" class=\"wp-image-83\" style=\"aspect-ratio:3\/4;object-fit:cover;width:355px\" srcset=\"https:\/\/pbconseil-bilan.com\/wp-content\/uploads\/2025\/12\/Photo-Peg-site.jpg 720w, https:\/\/pbconseil-bilan.com\/wp-content\/uploads\/2025\/12\/Photo-Peg-site-169x300.jpg 169w, https:\/\/pbconseil-bilan.com\/wp-content\/uploads\/2025\/12\/Photo-Peg-site-576x1024.jpg 576w\" sizes=\"auto, (max-width: 720px) 100vw, 720px\" \/><\/figure>\n\n\n\n<div class=\"wp-block-group has-global-padding is-layout-constrained wp-container-core-group-is-layout-ad4ab259 wp-block-group-is-layout-constrained\" style=\"margin-top:2.01rem\">\n<h4 class=\"wp-block-heading has-text-align-left has-text-color has-link-color wp-elements-6baecc13c0f21f68b0c850f4aa01d4cb\" style=\"color:#3a3a3a;font-size:clamp(1.13rem, 1.13rem + ((1vw - 0.2rem) * 1.164), 1.77rem);font-style:normal;font-weight:400\">Peggy BELLUS<\/h4>\n\n\n\n<p class=\"has-text-color has-link-color wp-elements-94998b2fe4e6521449e41ef932cd8227\" style=\"color:#3a3a3a;font-size:clamp(14px, 0.875rem + ((1vw - 3.2px) * 0.682), 20px);\">Consultante &#8211; accompagnement \u00e0 la mobilit\u00e9 de carri\u00e8re par le bilan professionnel, le bilan de comp\u00e9tences, l&rsquo;orientation scolaire et professionnelle et la fin de carri\u00e8re (retraite)<\/p>\n<\/div>\n<\/div>\n<\/div>\n\n\n\n<div class=\"wp-block-column is-layout-flow wp-container-core-column-is-layout-1764130a wp-block-column-is-layout-flow\" style=\"padding-right:1.01rem;padding-left:1.01rem\">\n<div class=\"wp-block-group is-horizontal is-layout-flex wp-container-core-group-is-layout-a7a8ffff wp-block-group-is-layout-flex\" style=\"border-style:none;border-width:0px;border-radius:0px;min-height:0px\">\n<div class=\"wp-block-group has-global-padding is-layout-constrained wp-container-core-group-is-layout-ad4ab259 wp-block-group-is-layout-constrained\" style=\"margin-top:2.01rem\">\n<p class=\"has-text-color has-link-color wp-elements-14ebdb6871bf01eabdd42cd8eedd62db\" style=\"color:#3a3a3a;font-size:clamp(14px, 0.875rem + ((1vw - 3.2px) * 0.682), 20px);\">Certification RS 6391- accompagner une mobilit\u00e9 de carri\u00e8re par le bilan professionnelle et de comp\u00e9tences &#8211; Frh Conseil. Technique d\u2019orientation professionnelle, aide, conseil, orientation et soutien socio-\u00e9ducatif<\/p>\n\n\n\n<p>Objectif&nbsp;: acqu\u00e9rir des comp\u00e9tences pour am\u00e9liorer les pratiques des bilans de comp\u00e9tences aupr\u00e8s des publics en<\/p>\n\n\n\n<p class=\"has-text-color has-link-color wp-elements-2d13d8d46600e22eee6f25a494dcd800\" style=\"color:#3a3a3a;font-size:clamp(14px, 0.875rem + ((1vw - 3.2px) * 0.682), 20px);\">mobilit\u00e9, en transition, en r\u00e9orientation ou en reconversion professionnelle<strong>.<\/strong><\/p>\n<\/div>\n<\/div>\n<\/div>\n<\/div>\n<\/div>\n\n\n\n<div class=\"wp-block-cover alignfull\" style=\"margin-top:0px;margin-bottom:0px;padding-top:7.01rem;padding-bottom:7.01rem;aspect-ratio:unset;\"><img decoding=\"async\" class=\"wp-block-cover__image-background wp-image-174\" alt=\"\" src=\"https:\/\/tyler.com\/wp-content\/themes\/variations-child\/assets\/images\/consulting\/consulting-testimonial-banner.jpg\" style=\"object-position:50% 51%\" data-object-fit=\"cover\" data-object-position=\"50% 51%\"\/><span aria-hidden=\"true\" class=\"wp-block-cover__background has-contrast-background-color has-background-dim-0 has-background-dim\"><\/span><div class=\"wp-block-cover__inner-container has-global-padding is-layout-constrained wp-container-core-cover-is-layout-8014b4f1 wp-block-cover-is-layout-constrained\">\n<div class=\"wp-block-group has-global-padding is-layout-constrained wp-container-core-group-is-layout-41c06ba8 wp-block-group-is-layout-constrained\">\n<h4 class=\"wp-block-heading has-text-align-center has-text-color has-inter-font-family\" style=\"color:#ffffff;font-size:clamp(1.039rem, 1.039rem + ((1vw - 0.2rem) * 1.02), 1.6rem);\">Votre avenir professionnel m\u00e9rite le meilleur accompagnement possible.<\/h4>\n\n\n\n<p class=\"has-text-align-center has-text-color has-lexend-font-family\" style=\"color:#ffffff;font-size:clamp(0.875rem, 0.875rem + ((1vw - 0.2rem) * 0.245), 1.01rem);letter-spacing:0.3rem\">Val\u00e9rie TRAN<\/p>\n<\/div>\n<\/div><\/div>\n","protected":false},"excerpt":{"rendered":"<p>Un engagement pour Votre \u00c9panouissement Professionnel Durable Dans le tissu complexe des parcours professionnels se dessinent parfois des trajectoires singuli\u00e8res o\u00f9 se conjuguent les d\u00e9fis de la sant\u00e9, les aspirations individuelles et les imp\u00e9ratifs socio-\u00e9conomiques. \u00c0 une \u00e9poque o\u00f9 l\u2019\u00e2ge de la retraite recule et o\u00f9 les travailleurs doivent prolonger leur activit\u00e9 professionnelle, de nombreux [&hellip;]<\/p>\n","protected":false},"author":1,"featured_media":0,"parent":0,"menu_order":0,"comment_status":"closed","ping_status":"closed","template":"","meta":{"footnotes":""},"class_list":["post-14","page","type-page","status-publish","hentry"],"_links":{"self":[{"href":"https:\/\/pbconseil-bilan.com\/index.php\/wp-json\/wp\/v2\/pages\/14","targetHints":{"allow":["GET"]}}],"collection":[{"href":"https:\/\/pbconseil-bilan.com\/index.php\/wp-json\/wp\/v2\/pages"}],"about":[{"href":"https:\/\/pbconseil-bilan.com\/index.php\/wp-json\/wp\/v2\/types\/page"}],"author":[{"embeddable":true,"href":"https:\/\/pbconseil-bilan.com\/index.php\/wp-json\/wp\/v2\/users\/1"}],"replies":[{"embeddable":true,"href":"https:\/\/pbconseil-bilan.com\/index.php\/wp-json\/wp\/v2\/comments?post=14"}],"version-history":[{"count":12,"href":"https:\/\/pbconseil-bilan.com\/index.php\/wp-json\/wp\/v2\/pages\/14\/revisions"}],"predecessor-version":[{"id":161,"href":"https:\/\/pbconseil-bilan.com\/index.php\/wp-json\/wp\/v2\/pages\/14\/revisions\/161"}],"wp:attachment":[{"href":"https:\/\/pbconseil-bilan.com\/index.php\/wp-json\/wp\/v2\/media?parent=14"}],"curies":[{"name":"wp","href":"https:\/\/api.w.org\/{rel}","templated":true}]}}